 + 3*p**2 - 278*p + 10 + 0*p**2. What is the units digit of u(a)?
2
Suppose 7 = -2*w + 7. Suppose w = 10*v - 393 - 1137. What is the units digit of v?
3
Suppose -3*c + 16781 = x, 2*c = 3*x - 4*x + 11189. What is the thousands digit of c?
5
Suppose 2*l - 1452 = 4*r, 0*r - 2*r = -3*l + 2166. Suppose -5*f - l = -15*f. What is the units digit of f?
2
Suppose 14 = -g - 4*g + v, -24 = 2*g - 5*v. Suppose 3*o - 2*p = 32 + 8, 5*o = -5*p + 100. What is the tens digit of ((-27)/g)/(12/o)?
1
Let v = 274 - -148. What is the hundreds digit of v?
4
Let p be ((-5)/2)/((-1)/34). Let n(i) = 3*i**2 - 2*i - 4. Let t be n(-3). Suppose -5*q + 2*s + t = -61, -s + p = 4*q. What is the tens digit of q?
2
Suppose -15480 = -22*q + 14*q. What is the tens digit of q?
3
What is the units digit of 124/93*(-1227)/(-2)?
8
Let y = 1 + 4. Suppose y*p + 0*p = -5*x + 425, -2*p = -x + 79. Suppose 23 - x = -4*j. What is the tens digit of j?
1
Let c = 214 + 151. What is the hundreds digit of c?
3
Suppose w + 4 = -w. What is the tens digit of 49 + 3*w/3?
4
Suppose 25*x - 4987 = 2238. What is the units digit of x?
9
Suppose -23 + 3 = -5*v. Let q(s) = 12 + 0 - s + v*s - 4*s. What is the units digit of q(8)?
4
Let b(t) = t**3 + 28*t**2 + 18*t - 19. Let d be b(-27). Let z = d + -103. What is the hundreds digit of z?
1
Suppose -7*k + 8*k = -3*z + 1490, 5*z - 2482 = -2*k. What is the units digit of z?
8
Let u be 7*-18*(-4)/8. Suppose u*m + 180 = 67*m. What is the units digit of m?
5
Let x = -145 + 674. What is the units digit of x?
9
What is the hundreds digit of (867/(-6))/((9/(-6))/3)?
2
Let d(s) be the first derivative of s**3/3 - 5*s**2 - 15*s - 36. What is the units digit of d(13)?
4
Let p(k) be the third derivative of k**7/1260 - k**6/240 - k**5/15 - k**4/8 - 7*k**2. Let n(y) be the second derivative of p(y). What is the tens digit of n(6)?
4
Suppose 149*q - 138*q - 12584 = 0. What is the hundreds digit of q?
1
Suppose 4*m = -2*u + 14, u - 19 = -5*m - 0*m. Let a be (u - -6)*(-7)/(-7). Suppose -a*w - 4*q = -23 - 16, -w - 9 = 5*q. What is the tens digit of w?
1
Let y be ((-618)/(-9))/((-6)/(-9)). Let n = y + -149. Let q = -31 - n. What is the tens digit of q?
1
Let m be ((-32)/24)/(-1*4/1062). Suppose -2*o + 180 = 2*f - 60, 3*o + m = 3*f. What is the units digit of f?
9
Let v(g) = 5*g**3 - 3*g**2 - g + 2. Suppose 7*l = 8*l - 12. Let p = l + -10. What is the units digit of v(p)?
8
Let i(z) = -z**2 + 7*z - 10. Let w be i(5). Suppose 5*o - 10 - 130 = w. What is the units digit of o?
8
Let n(m) = m**3 + 6*m**2 - 34*m + 18. What is the tens digit of n(8)?
4
Suppose -39*s = -2489 - 38188. What is the units digit of s?
3
Suppose -16 = 2*y - 8. Let z be y/(-10) - (-244)/(-10). What is the units digit of z/(-14)*35/10?
6
What is the tens digit of ((-146)/6)/((-63)/1134)?
3
Let l be 33/(-55)*((-730)/2 - 0). What is the units digit of 7/(-56) - l/(-24)?
9
Suppose 6*f = 2*f - 48. What is the units digit of (-5 - 83)/(f/42)?
8
Let v(i) = i**3 - 5*i**2 - 7*i - 5. Let b be v(-5). What is the tens digit of (-4)/(-10) - 11/(b/1152)?
5
Let a(m) = -2*m**3 - m**2 - 2*m + 70. Suppose 6*k = 7*k. What is the units digit of a(k)?
0
Let w be (84/6)/((-2)/(-2 + 1)). Suppose -w*z - 177 + 527 = 0. What is the units digit of z?
0
Suppose 0 = 3*u + 48 - 579. Suppose 4*j - u = -5*s, 43 = 4*j - 5*s - 84. What is the tens digit of j?
3
Let s be (-3 + 2)*-1 - 6. Let n(q) = -2*q**3 - q**2 - 15*q + 10. Let i(r) = r**3 + r**2 + 7*r - 5. Let f(j) = 13*i(j) + 6*n(j). What is the tens digit of f(s)?
4
Suppose -4*m + 6 = -3*m + 3*c, c = 4*m - 11. Suppose r - m = -0*r. Suppose -5*z + r*o - 2*o + 275 = 0, 0 = 4*o. What is the tens digit of z?
5
What is the tens digit of (25 - 1)*(-48)/(-72)?
1
Let w(p) = -453*p + 4. What is the hundreds digit of w(-1)?
4
Suppose -2*v + 1195 = 2*v + 5*y, 0 = -3*v + 2*y + 925. What is the hundreds digit of v?
3
Suppose 0 = 3*c - 5*c + 52. Let b be 3/(-5) + c/10. What is the units digit of ((-11)/4)/(b/(-8))?
1
Suppose 13822 = 10*i + 4602. What is the tens digit of i?
2
Suppose 5*v - 2*b - 11 = 0, 3*b - 16 - 5 = -5*v. Suppose -2*o + 7*o - d - 15 = 0, 0 = -v*o + 4*d + 9. What is the units digit of o?
3
Let y(n) = 11*n - 4*n**2 + 12*n**3 - 4 - 14*n + 8*n. What is the tens digit of y(2)?
8
Suppose -12 = -4*b, 2*d + 6*b - 3*b - 165 = 0. Let p = -43 + d. What is the tens digit of p?
3
Let u(n) = 12*n**2 - 8*n - 52. What is the tens digit of u(-11)?
8
Suppose 4*k + i - 26 = -11, -2*i + 15 = 5*k. Suppose -k = -3*r + 313. What is the hundreds digit of r?
1
Suppose 0 = -26*x + 29*x - 414. What is the tens digit of x?
3
Let y be 2/(-7) - (-450)/105. Let v be (-17)/(2 + (y - 5)). Let g = 51 + v. What is the tens digit of g?
3
Suppose -4*l + 0*l + 800 = 0. Suppose l = 5*z + 5*a, 4*a - 88 = z - 3*z. What is the units digit of z?
6
Let c(u) = -2*u. Let b be c(6). Let s = b + 39. Suppose 7*x - 4*x = s. What is the units digit of x?
9
Let c(q) be the third derivative of q**4/8 + q**3/6 + 3*q**2. What is the units digit of c(8)?
5
Suppose 0 = -9*a + 3725 + 22402. What is the tens digit of a?
0
Let k(r) = r**3 + 27*r**2 + 2*r + 48. What is the thousands digit of k(-13)?
2
Let f = -896 + 532. Let g = -87 - f. What is the hundreds digit of g?
2
Let o = -13 + 16. Suppose o = -i - 0*i - 4*p, -3*i + 2*p - 37 = 0. What is the units digit of i/55 - (-56)/5?
1
Let p(b) be the third derivative of b**4/24 - 2*b**3 - 14*b**2. Let t be p(14). What is the units digit of t/8 + 2392/32?
5
Let a = 59 - 30. Suppose -5*x + 2*v = -10 - a, x = 4*v + 15. What is the units digit of x?
7
Suppose -2*w = -3*w. Suppose 4*o - 5*q = 1, w*q = -5*o + 4*q + 8. Let i(p) = 4*p**2 - 8*p + 10. What is the units digit of i(o)?
2
Suppose 0 = -9*o + 5*o - 580. Let j be 2/10 + o/(-25). Suppose 0 = -3*k - j, -4*k + 10 = 3*x - 9. What is the units digit of x?
9
Suppose -12*u = -1877 + 377. Let a = 178 - u. What is the units digit of a?
3
Let u = 6517 + -4333. What is the tens digit of u?
8
Let y(z) = -z**2 - 7*z - 7. Let h be y(-8). Let x = h + 15. Suppose -7 = 5*d + 8, -l - 2*d + 18 = x. What is the units digit of l?
4
Let y(x) = -95*x - 66. What is the units digit of y(-9)?
9
Suppose 4*s + 0 = -20. Let v be ((-6)/(-5))/((-2)/s). What is the tens digit of (-2)/v - (-790)/15?
5
Let g(c) = c**3 - 2*c**2 + 5*c + 2. Let f be g(4). Let h = f + 54. What is the tens digit of h?
0
Let w(s) = s**3 - 8*s**2 + 5*s + 14. Let r be w(7). Suppose r = 5*h + h - 546. What is the units digit of h?
1
Let p(b) be the third derivative of -b**4/8 - 46*b**2. Suppose -3*f + o - 22 = 3*o, 0 = -4*o - 20. What is the tens digit of p(f)?
1
Let l(p) be the third derivative of -p**4/4 - p**2. Suppose -4*c - 6*u = -2*u, -u + 4 = -3*c. What is the units digit of l(c)?
6
Let v = 893 + -1320. Let f = 710 + v. What is the tens digit of f?
8
What is the units digit of ((-854)/4)/(5*(-3)/30)?
7
Let q = -104 + 61. Let u = -5 - q. What is the tens digit of u?
3
Let w = 210 + 572. What is the units digit of w?
2
Let i be -6 - -4*(-1)/(-2). Let p(j) = -j**3 - 6*j**2 - 9*j - 4. Let y be p(i). Let c(f) = f**2 + 2*f + 46. What is the tens digit of c(y)?
4
Let v be 4 + (-7 - 7)*(-43)/2. Let p = 482 - v. What is the hundreds digit of p?
1
Suppose 0 = 2*d + 2*d. Suppose d = -2*x + 6*x. Suppose 5*j - 6*j + 17 = x. What is the tens digit of j?
1
What is the tens digit of (-111 + -3)*(-2 + 1)?
1
Let y be (-18)/(-5) + 28/70. Suppose -y*g + 4*x + 104 = -88, 5*g - 2*x = 231. What is the units digit of 145/g + (-2)/9?
3
Let m be ((-2065)/10 + -3)*-2. Suppose m + 202 = 3*d. What is the units digit of d?
7
Suppose -4*b - 554 = -26. Let o = -102 - b. What is the tens digit of o?
3
Let k(c) = c**3 + 13*c**2 - 13*c + 16. Let y be k(-14). Suppose p - 22 = y*p + q, 3*p = 4*q - 66. Let w = -16 - p. What is the units digit of w?
6
Let l(g) = 20*g**3 + 24*g**2 - 14*g + 38. Let h(r) = -7*r**3 - 8*r**2 + 5*r - 13. Let f(a) = -17*h(a) - 6*l(a). What is the units digit of f(-8)?
1
Let i be (45/(-4))/((-39)/104). Let d = i + 136. What is the tens digit of d?
6
Suppose 5*o = -w + 794, -7*w + 3*w = -4*o + 616. Suppose 4*a - o - 98 = 0. What is the units digit of a?
4
Let x = 1214 - 13. What is the tens digit of x?
0
Let x(l) = -8*l. Let c be x(2). What is the tens digit of 51 + c/4 + -1?
4
Suppose 0 = 7*f - 127 + 29. L